{"id":331,"date":"2023-09-28T08:31:16","date_gmt":"2023-09-28T06:31:16","guid":{"rendered":"https:\/\/ethixtyle.it\/?page_id=331"},"modified":"2023-09-28T08:32:38","modified_gmt":"2023-09-28T06:32:38","slug":"privacy","status":"publish","type":"page","link":"https:\/\/ethixtyle.it\/?page_id=331","title":{"rendered":"Privacy"},"content":{"rendered":"\t\t<div data-elementor-type=\"wp-page\" data-elementor-id=\"331\" class=\"elementor elementor-331\" data-elementor-settings=\"[]\">\n\t\t\t\t\t\t\t<div class=\"elementor-section-wrap\">\n\t\t\t\t\t\t\t<section class=\"elementor-section elementor-top-section elementor-element elementor-element-5123c5cc elementor-section-boxed elementor-section-height-default elementor-section-height-default\" data-id=\"5123c5cc\" data-element_type=\"section\">\n\t\t\t\t\t\t<div class=\"elementor-container elementor-column-gap-default\">\n\t\t\t\t\t<div class=\"elementor-column elementor-col-100 elementor-top-column elementor-element elementor-element-19ba1a95\" data-id=\"19ba1a95\" data-element_type=\"column\">\n\t\t\t<div class=\"elementor-widget-wrap elementor-element-populated\">\n\t\t\t\t\t\t\t\t<div class=\"elementor-element elementor-element-adbf1e8 elementor-widget elementor-widget-spacer\" data-id=\"adbf1e8\" data-element_type=\"widget\" data-widget_type=\"spacer.default\">\n\t\t\t\t<div class=\"elementor-widget-container\">\n\t\t\t\t\t<div class=\"elementor-spacer\">\n\t\t\t<div class=\"elementor-spacer-inner\"><\/div>\n\t\t<\/div>\n\t\t\t\t<\/div>\n\t\t\t\t<\/div>\n\t\t\t\t<div class=\"elementor-element elementor-element-5e11ac19 elementor-widget elementor-widget-text-editor\" data-id=\"5e11ac19\" data-element_type=\"widget\" data-widget_type=\"text-editor.default\">\n\t\t\t\t<div class=\"elementor-widget-container\">\n\t\t\t\t\t\t\t<!-- wp:paragraph -->\n<p><strong>INFORMATIVA PRIVACY EVENTO Ethixtyle Bencharmarking the future<\/strong><\/p>\n<!-- \/wp:paragraph -->\n\n<!-- wp:paragraph -->\n<p>Ai sensi dell&#8217;<strong>art. 13 Regolamento (UE) 2016\/679<\/strong> <strong>(GDPR)<\/strong>, La informiamo che il trattamento dei Suoi dati personali da Lei liberamente forniti attraverso la compilazione del form di iscrizione all\u2019evento <strong>Ethixtyle Bencharmarking the future<\/strong> (di seguito solo l\u2019\u201dEvento\u201d), avviene mediante strumenti manuali o elettronici, con logiche e modalit\u00e0 strettamente correlate alle finalit\u00e0 di:<\/p>\n<!-- \/wp:paragraph -->\n\n<!-- wp:paragraph -->\n<p><strong>A) consentire l\u2019iscrizione all\u2019Evento e rispondere alle Sue eventuali richieste di contatto per informazioni, preventivi, richieste di materiale informativo relativo ai servizi resi dal Titolare). <\/strong>Base giuridica del trattamento: art. 6, par. 1 lett. b) del GDPR \u2013 esecuzione di misure precontrattuali adottate su richiesta dell\u2019interessato. I dati saranno conservati per due anni dalla cessazione dell\u2019evento. Il conferimento dei dati \u00e8 necessario al fine dell\u2019iscrizione all\u2019Evento, nonch\u00e9 per riscontrare eventuali Sue richieste di contatto\/informazione.<\/p>\n<!-- \/wp:paragraph -->\n\n<!-- wp:paragraph -->\n<p><strong>B)<\/strong> <strong>previo Suo consenso e fino a revoca, per attivit\u00e0 di <em>marketing <\/em>diretto del Titolare<\/strong>: vendita diretta di prodotti e servizi, ricerche di mercato, invio di comunicazioni e materiale promozionale, commerciale e pubblicitario o inerente iniziative ed eventi, tramite strumenti automatizzati (posta elettronica\/newsletter, messaggi del tipo Sms o attraverso social networks e sponsorizzazioni) e strumenti tradizionali di contatto (posta cartacea). Base giuridica del trattamento: art. 6 par. 1, lett. a) GDPR &#8211; consenso dell\u2019interessato; Il conferimento dei dati \u00e8 facoltativo; il mancato conferimento comporter\u00e0 l\u2019impossibilit\u00e0 di ricevere comunicazioni di marketing diretto.<\/p>\n<!-- \/wp:paragraph -->\n\n<!-- wp:paragraph -->\n<p><strong>C) previo Suo consenso, e fino a revoca, <em>per comunicare\/cedere i Suoi dati personali a terzi<\/em> ai Partner commerciali dell\u2019Evento,<\/strong> con sede in Italia, per loro finalit\u00e0 di marketing diretto. Per l\u2019elenco completo dei partner commerciali scrivere a <a href=\"mailto:privacy@textilecomo.com\">privacy@textilecomo.com<\/a>. Base giuridica del trattamento: art. 6 par. 1 lett. a) del GDPR \u2013 consenso<strong>.<\/strong> Il conferimento dei dati \u00e8 facoltativo; il mancato conferimento comporter\u00e0 l\u2019impossibilit\u00e0 di comunicare\/cedere i dati a terzi per le loro finalit\u00e0 di marketing.<\/p>\n<!-- \/wp:paragraph -->\n\n<!-- wp:paragraph -->\n<p>I Suoi dati personali non saranno diffusi.<\/p>\n<!-- \/wp:paragraph -->\n\n<!-- wp:paragraph -->\n<p>I Suoi dati personali saranno comunicati a soggetti che li tratteranno in qualit\u00e0 di Titolari autonomi del trattamento, o di Responsabili del trattamento (art. 28 GDPR) e trattati da persone fisiche (art. 29 GDPR) che agiscono sotto l\u2019autorit\u00e0 del Titolare e dei Responsabili sulla base di specifiche istruzioni fornite in ordine a finalit\u00e0 e modalit\u00e0 del trattamento.<\/p>\n<!-- \/wp:paragraph -->\n\n<!-- wp:paragraph -->\n<p>I dati saranno comunicati a destinatari appartenenti alle seguenti categorie:<\/p>\n<!-- \/wp:paragraph -->\n\n<!-- wp:paragraph -->\n<p>-soggetti con sede in Italia che gestiscono\/supportano\/assistono, anche solo occasionalmente, il Titolare nell\u2019amministrazione del Sistema Informativo e delle reti di telecomunicazioni (ivi compresa la posta elettronica e le piattaforme web);<\/p>\n<!-- \/wp:paragraph -->\n\n<!-- wp:paragraph -->\n<p>&#8211; &nbsp;partner commerciali che supportano il Titolare nella realizzazione dell\u2019Evento;<\/p>\n<!-- \/wp:paragraph -->\n\n<!-- wp:paragraph -->\n<p>&#8211; Autorit\u00e0 competenti per adempimenti di obblighi di legge e\/o di disposizioni di organi pubblici, su richiesta.<\/p>\n<!-- \/wp:paragraph -->\n\n<!-- wp:paragraph -->\n<p>I soggetti appartenenti alle categorie suddette svolgono la funzione di Responsabile del trattamento dei dati, oppure operano in totale autonomia come distinti Titolari del trattamento. L\u2019elenco dei Responsabili del trattamento art. 28 del GDPR \u00e8 disponibile scrivendo a <a href=\"mailto:privacy@textilecomo.com\">privacy@textilecomo.com<\/a>, o agli altri recapiti sottoindicati.<\/p>\n<!-- \/wp:paragraph -->\n\n<!-- wp:paragraph -->\n<p>I Suoi dati personali non saranno trasferiti in Paesi Extra SEE. Si precisa, in particolare, che i dati saranno conservati in Italia e che i destinatari dei dati hanno sede in Italia.<\/p>\n<!-- \/wp:paragraph -->\n\n<!-- wp:paragraph -->\n<p>La informiamo che i Suoi dati personali saranno sottoposti a trattamento manuale tradizionale, elettronico e automatizzato e che non si effettuano processi decisionali completamente automatizzati<strong>.<\/strong><\/p>\n<!-- \/wp:paragraph -->\n\n<!-- wp:paragraph -->\n<p>Potr\u00e0 far valere i diritti come espressi dagli artt. 15 e s.s. GDPR, rivolgendosi al Titolare del trattamento all\u2019indirizzo e-mail <a href=\"mailto:privacy@textilecomo.com\">privacy@textilecomo.com<\/a>. Lei ha il diritto, in qualunque momento, di chiedere l\u2019accesso ai Suoi dati personali (art.15), la rettifica (art.16), la cancellazione degli stessi (art.17), la limitazione del trattamento (art.18). Il titolare del trattamento comunica (art. 19) a ciascuno dei destinatari cui sono stati trasmessi i dati personali le eventuali rettifiche o cancellazioni o limitazioni del trattamento effettuate. Il titolare del trattamento comunica all&#8217;interessato tali destinatari qualora l&#8217;interessato lo richieda. Nei casi previsti ha il diritto alla portabilit\u00e0 dei suoi dati (art.20) e in tal caso Le verranno forniti in un formato strutturato, di uso comune e leggibile, da dispositivo automatico. Ha il diritto di opporsi (art.21), in qualsiasi momento, al trattamento dei dati se basato sul legittimo interesse scrivendo ai contatti sopra riportati con oggetto \u201copposizione\u201d e nei casi in cui la base giuridica sia il consenso, ha il diritto di revocare il consenso prestato senza pregiudicare la liceit\u00e0 del trattamento basata sul consenso prima della revoca. Per non ricevere pi\u00f9 comunicazioni di marketing diretto automatizzato (posta elettronica, messaggi del tipo SMS, messaggistica istantanea) scriva una e-mail all\u2019indirizzo <a href=\"mailto:privacy@textilecomo.com\">privacy@textilecomo.com<\/a> con oggetto \u201ccancellazione da automatizzato\u201d. Per non ricevere pi\u00f9 comunicazioni di marketing diretto tradizionale (telefonate con operatore e posta cartacea) scriva una e-mail all\u2019indirizzo <a href=\"mailto:privacy@textilecomo.com\">privacy@textilecomo.com<\/a> con oggetto \u201ccancellazione da tradizionale\u201d. Per non ricevere pi\u00f9 alcuna comunicazione di marketing scriva una e-mail all\u2019indirizzo <a href=\"mailto:privacy@textilecomo.com\">privacy@textilecomo.com<\/a> oggetto \u201ccancellazione marketing\u201d. Nel caso in cui ritenga che il trattamento dei Suoi dati personali effettuato dal Titolare avvenga in violazione di quanto previsto dal Regolamento (UE) 2016\/679, ha diritto di presentare un reclamo all\u2019Autorit\u00e0 di controllo, in particolare nello Stato membro in cui risiede abitualmente o lavora. oppure nel luogo ove si \u00e8 verificata la presunta violazione del GDPR (Garante Privacy https:\/\/www.garanteprivacy.it\/), o di adire le opportune sedi giudiziarie.<\/p>\n<!-- \/wp:paragraph -->\n\n<!-- wp:paragraph -->\n<p><strong>Titolare del trattamento dati \u00e8 Centro Tessile Serico Sostenibile Srl con sede legale in Via Castelnuovo, 3 &#8211; 22100 Como (CO), nella persona del suo Legale Rappresentante pro-tempore, che potr\u00e0 contattare per qualsiasi informazione tramite: telefono 031 331211- &nbsp;e-mail <a href=\"mailto:privacy@textilecomo.com\">privacy@textilecomo.com<\/a>.<\/strong><\/p>\n<!-- \/wp:paragraph -->\t\t\t\t\t\t<\/div>\n\t\t\t\t<\/div>\n\t\t\t\t<div class=\"elementor-element elementor-element-868ce80 elementor-widget elementor-widget-spacer\" data-id=\"868ce80\" data-element_type=\"widget\" data-widget_type=\"spacer.default\">\n\t\t\t\t<div class=\"elementor-widget-container\">\n\t\t\t\t\t<div class=\"elementor-spacer\">\n\t\t\t<div class=\"elementor-spacer-inner\"><\/div>\n\t\t<\/div>\n\t\t\t\t<\/div>\n\t\t\t\t<\/div>\n\t\t\t\t\t<\/div>\n\t\t<\/div>\n\t\t\t\t\t\t\t<\/div>\n\t\t<\/section>\n\t\t\t\t<section class=\"elementor-section elementor-top-section elementor-element elementor-element-59b71c0 elementor-section-full_width elementor-section-height-default elementor-section-height-default\" data-id=\"59b71c0\" data-element_type=\"section\" data-settings=\"{&quot;background_background&quot;:&quot;classic&quot;}\">\n\t\t\t\t\t\t<div class=\"elementor-container elementor-column-gap-default\">\n\t\t\t\t\t<div class=\"elementor-column elementor-col-100 elementor-top-column elementor-element elementor-element-e33afe4\" data-id=\"e33afe4\" data-element_type=\"column\">\n\t\t\t<div class=\"elementor-widget-wrap elementor-element-populated\">\n\t\t\t\t\t\t\t\t<div class=\"elementor-element elementor-element-6600d5b elementor-widget elementor-widget-heading\" data-id=\"6600d5b\" data-element_type=\"widget\" data-widget_type=\"heading.default\">\n\t\t\t\t<div class=\"elementor-widget-container\">\n\t\t\t<h2 class=\"elementor-heading-title elementor-size-default\">Ethixtyle | 2023<\/h2>\t\t<\/div>\n\t\t\t\t<\/div>\n\t\t\t\t\t<\/div>\n\t\t<\/div>\n\t\t\t\t\t\t\t<\/div>\n\t\t<\/section>\n\t\t\t\t\t\t<\/div>\n\t\t\t\t\t<\/div>\n\t\t","protected":false},"excerpt":{"rendered":"<p>INFORMATIVA PRIVACY EVENTO Ethixtyle Bencharmarking the future Ai sensi dell&#8217;art. 13 Regolamento (UE) 2016\/679 (GDPR), La informiamo che il trattamento dei Suoi dati personali da Lei liberamente forniti attraverso la compilazione del form di iscrizione all\u2019evento Ethixtyle Bencharmarking the future (di seguito solo l\u2019\u201dEvento\u201d), avviene mediante strumenti manuali o elettronici, con logiche e modalit\u00e0 strettamente [&hellip;]<\/p>\n","protected":false},"author":1,"featured_media":0,"parent":0,"menu_order":0,"comment_status":"closed","ping_status":"closed","template":"","meta":{"footnotes":""},"class_list":["post-331","page","type-page","status-publish","hentry"],"_links":{"self":[{"href":"https:\/\/ethixtyle.it\/index.php?rest_route=\/wp\/v2\/pages\/331","targetHints":{"allow":["GET"]}}],"collection":[{"href":"https:\/\/ethixtyle.it\/index.php?rest_route=\/wp\/v2\/pages"}],"about":[{"href":"https:\/\/ethixtyle.it\/index.php?rest_route=\/wp\/v2\/types\/page"}],"author":[{"embeddable":true,"href":"https:\/\/ethixtyle.it\/index.php?rest_route=\/wp\/v2\/users\/1"}],"replies":[{"embeddable":true,"href":"https:\/\/ethixtyle.it\/index.php?rest_route=%2Fwp%2Fv2%2Fcomments&post=331"}],"version-history":[{"count":7,"href":"https:\/\/ethixtyle.it\/index.php?rest_route=\/wp\/v2\/pages\/331\/revisions"}],"predecessor-version":[{"id":338,"href":"https:\/\/ethixtyle.it\/index.php?rest_route=\/wp\/v2\/pages\/331\/revisions\/338"}],"wp:attachment":[{"href":"https:\/\/ethixtyle.it\/index.php?rest_route=%2Fwp%2Fv2%2Fmedia&parent=331"}],"curies":[{"name":"wp","href":"https:\/\/api.w.org\/{rel}","templated":true}]}}

<div data-elementor-type="wp-page" data-elementor-id="331" class="elementor elementor-331" data-elementor-settings="[]">
							<div class="elementor-section-wrap">
							<section class="elementor-section elementor-top-section elementor-element elementor-element-5123c5cc elementor-section-boxed elementor-section-height-default elementor-section-height-default" data-id="5123c5cc" data-element_type="section">
						<div class="elementor-container elementor-column-gap-default">
					<div class="elementor-column elementor-col-100 elementor-top-column elementor-element elementor-element-19ba1a95" data-id="19ba1a95" data-element_type="column">
			<div class="elementor-widget-wrap elementor-element-populated">
								<div class="elementor-element elementor-element-adbf1e8 elementor-widget elementor-widget-spacer" data-id="adbf1e8" data-element_type="widget" data-widget_type="spacer.default">
				<div class="elementor-widget-container">
					<div class="elementor-spacer">
			<div class="elementor-spacer-inner"></div>
		</div>
				</div>
				</div>
				<div class="elementor-element elementor-element-5e11ac19 elementor-widget elementor-widget-text-editor" data-id="5e11ac19" data-element_type="widget" data-widget_type="text-editor.default">
				<div class="elementor-widget-container">
							<!-- wp:paragraph -->
<p><strong>INFORMATIVA PRIVACY EVENTO Ethixtyle Bencharmarking the future</strong></p>
<!-- /wp:paragraph -->

<!-- wp:paragraph -->
<p>Ai sensi dell&#8217;<strong>art. 13 Regolamento (UE) 2016/679</strong> <strong>(GDPR)</strong>, La informiamo che il trattamento dei Suoi dati personali da Lei liberamente forniti attraverso la compilazione del form di iscrizione all’evento <strong>Ethixtyle Bencharmarking the future</strong> (di seguito solo l’”Evento”), avviene mediante strumenti manuali o elettronici, con logiche e modalità strettamente correlate alle finalità di:</p>
<!-- /wp:paragraph -->

<!-- wp:paragraph -->
<p><strong>A) consentire l’iscrizione all’Evento e rispondere alle Sue eventuali richieste di contatto per informazioni, preventivi, richieste di materiale informativo relativo ai servizi resi dal Titolare). </strong>Base giuridica del trattamento: art. 6, par. 1 lett. b) del GDPR – esecuzione di misure precontrattuali adottate su richiesta dell’interessato. I dati saranno conservati per due anni dalla cessazione dell’evento. Il conferimento dei dati è necessario al fine dell’iscrizione all’Evento, nonché per riscontrare eventuali Sue richieste di contatto/informazione.</p>
<!-- /wp:paragraph -->

<!-- wp:paragraph -->
<p><strong>B)</strong> <strong>previo Suo consenso e fino a revoca, per attività di <em>marketing </em>diretto del Titolare</strong>: vendita diretta di prodotti e servizi, ricerche di mercato, invio di comunicazioni e materiale promozionale, commerciale e pubblicitario o inerente iniziative ed eventi, tramite strumenti automatizzati (posta elettronica/newsletter, messaggi del tipo Sms o attraverso social networks e sponsorizzazioni) e strumenti tradizionali di contatto (posta cartacea). Base giuridica del trattamento: art. 6 par. 1, lett. a) GDPR &#8211; consenso dell’interessato; Il conferimento dei dati è facoltativo; il mancato conferimento comporterà l’impossibilità di ricevere comunicazioni di marketing diretto.</p>
<!-- /wp:paragraph -->

<!-- wp:paragraph -->
<p><strong>C) previo Suo consenso, e fino a revoca, <em>per comunicare/cedere i Suoi dati personali a terzi</em> ai Partner commerciali dell’Evento,</strong> con sede in Italia, per loro finalità di marketing diretto. Per l’elenco completo dei partner commerciali scrivere a <a href="mailto:privacy@textilecomo.com">privacy@textilecomo.com</a>. Base giuridica del trattamento: art. 6 par. 1 lett. a) del GDPR – consenso<strong>.</strong> Il conferimento dei dati è facoltativo; il mancato conferimento comporterà l’impossibilità di comunicare/cedere i dati a terzi per le loro finalità di marketing.</p>
<!-- /wp:paragraph -->

<!-- wp:paragraph -->
<p>I Suoi dati personali non saranno diffusi.</p>
<!-- /wp:paragraph -->

<!-- wp:paragraph -->
<p>I Suoi dati personali saranno comunicati a soggetti che li tratteranno in qualità di Titolari autonomi del trattamento, o di Responsabili del trattamento (art. 28 GDPR) e trattati da persone fisiche (art. 29 GDPR) che agiscono sotto l’autorità del Titolare e dei Responsabili sulla base di specifiche istruzioni fornite in ordine a finalità e modalità del trattamento.</p>
<!-- /wp:paragraph -->

<!-- wp:paragraph -->
<p>I dati saranno comunicati a destinatari appartenenti alle seguenti categorie:</p>
<!-- /wp:paragraph -->

<!-- wp:paragraph -->
<p>-soggetti con sede in Italia che gestiscono/supportano/assistono, anche solo occasionalmente, il Titolare nell’amministrazione del Sistema Informativo e delle reti di telecomunicazioni (ivi compresa la posta elettronica e le piattaforme web);</p>
<!-- /wp:paragraph -->

<!-- wp:paragraph -->
<p>&#8211; &nbsp;partner commerciali che supportano il Titolare nella realizzazione dell’Evento;</p>
<!-- /wp:paragraph -->

<!-- wp:paragraph -->
<p>&#8211; Autorità competenti per adempimenti di obblighi di legge e/o di disposizioni di organi pubblici, su richiesta.</p>
<!-- /wp:paragraph -->

<!-- wp:paragraph -->
<p>I soggetti appartenenti alle categorie suddette svolgono la funzione di Responsabile del trattamento dei dati, oppure operano in totale autonomia come distinti Titolari del trattamento. L’elenco dei Responsabili del trattamento art. 28 del GDPR è disponibile scrivendo a <a href="mailto:privacy@textilecomo.com">privacy@textilecomo.com</a>, o agli altri recapiti sottoindicati.</p>
<!-- /wp:paragraph -->

<!-- wp:paragraph -->
<p>I Suoi dati personali non saranno trasferiti in Paesi Extra SEE. Si precisa, in particolare, che i dati saranno conservati in Italia e che i destinatari dei dati hanno sede in Italia.</p>
<!-- /wp:paragraph -->

<!-- wp:paragraph -->
<p>La informiamo che i Suoi dati personali saranno sottoposti a trattamento manuale tradizionale, elettronico e automatizzato e che non si effettuano processi decisionali completamente automatizzati<strong>.</strong></p>
<!-- /wp:paragraph -->

<!-- wp:paragraph -->
<p>Potrà far valere i diritti come espressi dagli artt. 15 e s.s. GDPR, rivolgendosi al Titolare del trattamento all’indirizzo e-mail <a href="mailto:privacy@textilecomo.com">privacy@textilecomo.com</a>. Lei ha il diritto, in qualunque momento, di chiedere l’accesso ai Suoi dati personali (art.15), la rettifica (art.16), la cancellazione degli stessi (art.17), la limitazione del trattamento (art.18). Il titolare del trattamento comunica (art. 19) a ciascuno dei destinatari cui sono stati trasmessi i dati personali le eventuali rettifiche o cancellazioni o limitazioni del trattamento effettuate. Il titolare del trattamento comunica all&#8217;interessato tali destinatari qualora l&#8217;interessato lo richieda. Nei casi previsti ha il diritto alla portabilità dei suoi dati (art.20) e in tal caso Le verranno forniti in un formato strutturato, di uso comune e leggibile, da dispositivo automatico. Ha il diritto di opporsi (art.21), in qualsiasi momento, al trattamento dei dati se basato sul legittimo interesse scrivendo ai contatti sopra riportati con oggetto “opposizione” e nei casi in cui la base giuridica sia il consenso, ha il diritto di revocare il consenso prestato senza pregiudicare la liceità del trattamento basata sul consenso prima della revoca. Per non ricevere più comunicazioni di marketing diretto automatizzato (posta elettronica, messaggi del tipo SMS, messaggistica istantanea) scriva una e-mail all’indirizzo <a href="mailto:privacy@textilecomo.com">privacy@textilecomo.com</a> con oggetto “cancellazione da automatizzato”. Per non ricevere più comunicazioni di marketing diretto tradizionale (telefonate con operatore e posta cartacea) scriva una e-mail all’indirizzo <a href="mailto:privacy@textilecomo.com">privacy@textilecomo.com</a> con oggetto “cancellazione da tradizionale”. Per non ricevere più alcuna comunicazione di marketing scriva una e-mail all’indirizzo <a href="mailto:privacy@textilecomo.com">privacy@textilecomo.com</a> oggetto “cancellazione marketing”. Nel caso in cui ritenga che il trattamento dei Suoi dati personali effettuato dal Titolare avvenga in violazione di quanto previsto dal Regolamento (UE) 2016/679, ha diritto di presentare un reclamo all’Autorità di controllo, in particolare nello Stato membro in cui risiede abitualmente o lavora. oppure nel luogo ove si è verificata la presunta violazione del GDPR (Garante Privacy https://www.garanteprivacy.it/), o di adire le opportune sedi giudiziarie.</p>
<!-- /wp:paragraph -->

<!-- wp:paragraph -->
<p><strong>Titolare del trattamento dati è Centro Tessile Serico Sostenibile Srl con sede legale in Via Castelnuovo, 3 &#8211; 22100 Como (CO), nella persona del suo Legale Rappresentante pro-tempore, che potrà contattare per qualsiasi informazione tramite: telefono 031 331211- &nbsp;e-mail <a href="mailto:privacy@textilecomo.com">privacy@textilecomo.com</a>.</strong></p>
<!-- /wp:paragraph -->						</div>
				</div>
				<div class="elementor-element elementor-element-868ce80 elementor-widget elementor-widget-spacer" data-id="868ce80" data-element_type="widget" data-widget_type="spacer.default">
				<div class="elementor-widget-container">
					<div class="elementor-spacer">
			<div class="elementor-spacer-inner"></div>
		</div>
				</div>
				</div>
					</div>
		</div>
							</div>
		</section>
				<section class="elementor-section elementor-top-section elementor-element elementor-element-59b71c0 elementor-section-full_width elementor-section-height-default elementor-section-height-default" data-id="59b71c0" data-element_type="section" data-settings="{&quot;background_background&quot;:&quot;classic&quot;}">
						<div class="elementor-container elementor-column-gap-default">
					<div class="elementor-column elementor-col-100 elementor-top-column elementor-element elementor-element-e33afe4" data-id="e33afe4" data-element_type="column">
			<div class="elementor-widget-wrap elementor-element-populated">
								<div class="elementor-element elementor-element-6600d5b elementor-widget elementor-widget-heading" data-id="6600d5b" data-element_type="widget" data-widget_type="heading.default">
				<div class="elementor-widget-container">
			<h2 class="elementor-heading-title elementor-size-default">Ethixtyle | 2023</h2>		</div>
				</div>
					</div>
		</div>
							</div>
		</section>
						</div>
					</div>

<p>INFORMATIVA PRIVACY EVENTO Ethixtyle Bencharmarking the future Ai sensi dell&#8217;art. 13 Regolamento (UE) 2016/679 (GDPR), La informiamo che il trattamento dei Suoi dati personali da Lei liberamente forniti attraverso la compilazione del form di iscrizione all’evento Ethixtyle Bencharmarking the future (di seguito solo l’”Evento”), avviene mediante strumenti manuali o elettronici, con logiche e modalità strettamente [&hellip;]</p>
